 + 47 - (-2 - -1)?
-11
Evaluate 9 + -12 - (-11 + -11 + 13).
6
Evaluate -26 + 14 - -26 - 34 - 3.
-23
What is the value of (13 - (-2 + 1)) + 271 + -277?
8
(0 - 2) + -3 + (-100 - -99)
-6
What is (-62 - -31) + 41 - ((-2 - -10) + -2)?
4
What is the value of (4 - (-6 + 12)) + -45 + 64?
17
Calculate 0 + 6 + -24 + 14.
-4
What is (6 - -1) + -28 + 74 + -51?
2
Evaluate 6 + -1 + (-5 + 3 - (-3 - 0)).
6
Calculate 1 + 1 + (-2 - -6 - (-7 - -15)).
-2
(1 - 0) + 145 + -144
2
Evaluate (35 - 16) + -13 + (4 - -2).
12
What is 2 + (5 - (11 + (7 + -5 - 4)))?
-2
Evaluate 1 + (1 - -7 - (2 + -3)).
10
What is the value of 7 + 0 + 0 - 16 - -7?
-2
What is 5 - (-19 + -4 + 6)?
22
Calculate -11 + (11 - (4 - 0)) - (2 - -5).
-11
0 + -2 + 64 + -76
-14
Evaluate (8 + -34 - -26 - (23 + 0)) + -2.
-25
(13 - 19 - -13) + -6 + 0 - -8
9
What is the value of (255 - 225) + (-52 - -1)?
-21
Calculate -6 - -5 - 2 - -8 - 3 - 4.
-2
Evaluate (1 - 22) + 30 + -16 + (-1 - 13).
-21
What is 2707 - 2718 - (-1 + 1 + -24)?
13
Calculate (-28 + -32 - -30) + 44.
14
Calculate 19 - (-13 + 16 - -11) - 20.
-15
Calculate -30 - (11 - 19) - -11.
-11
Calculate (-28 - -2) + (33 - (-9 + 28)).
-12
Evaluate 23 - (-33 - -76) - -41.
21
Evaluate (17 - (-11 + 5)) + -27.
-4
What is the value of (22 - 36) + 21 + 0 + 2?
9
Calculate 18 - 5 - -47 - 39.
21
Calculate -6 + -1 + (5 - (0 - -11)).
-13
-78 + 86 + 2 + -4 + 2
8
Evaluate (-234 - -246) + (0 - 6).
6
(9 - 4 - 5) + -4 + (-2 - 5)
-11
Evaluate -2 - (13 + (1 - (-11 - -21))).
-6
What is the value of (14 + -13 - 11) + (6 - 4)?
-8
What is the value of 21 + (15 - (2 + 16 - 4))?
22
Evaluate 0 + (-9 - (-2 + (-8 - 4)) - -10).
15
What is the value of -13 + -1 - (10 + (-7 - (-8 - -13)))?
-12
What is -35 - (-17 + (-10 - -30) - 8)?
-30
Evaluate 4 + -23 + 46 + -12.
15
What is 16 - (57 + -51 - (8 - -1))?
19
What is the value of 0 + 42 + 2874 + -2912?
4
Evaluate (-10 - (-17 + 10)) + 1 + -9.
-11
4 + 34 + (-12 + 0 + 4 - -4)
34
What is 29 - 51 - (-3 - ((4 - 2) + 2))?
-15
Evaluate -47 + 0 + 16 - -39.
8
Calculate 0 - -1 - (-6 - -10).
-3
What is 2 + -5 + -22 + 3 + 8?
-14
What is the value of (2 - -11) + 2 + -11 + 3 + 5?
12
What is -7 + (-37 - (-39 - 22))?
17
Calculate 18 + (-19 - (-1 - 23)).
23
-55 - -61 - (-1 - 0) - 0 - 6
1
What is 34 + (41 - 63) + 0 + -4?
8
Evaluate 16 + 1 + (9 - 8).
18
What is -14 + 6 + (1 - -3)?
-4
Evaluate -10 + 11 + -24 - -8.
-15
Evaluate (-16 - 26) + -4 + 25.
-21
Calculate 4 - (7 + 8 + -6).
-5
What is -25 - ((9 - 4) + 4 + -5)?
-29
Calculate (-23 - -16) + (-4 - -1).
-10
Evaluate -1 + 3 + (-787 + 807 - (0 - -11)).
11
Calculate (21 - (11 + -9)) + -10.
9
Evaluate -12 + (20 - -14) + -14.
8
Evaluate (4 + (8 - (33 + -3)) - -10) + -8.
-16
(20 - 1) + -8 - 15 - -42
38
What is -2 + 14 + 10 - 15?
7
6 + (-14 - -11) + -17
-14
Calculate -28 + -2 + 7 + 21 + (1 - 19).
-20
Evaluate -11 + -4 - (-4 + -8).
-3
What is -13 + 18 - (4 - 21) - 4?
18
What is the value of 76 + -48 - (-14 + 63)?
-21
Calculate 0 + (3 - (-4 - -14)) - (15 - 2).
-20
Calculate -6 - 0 - (1 - 7) - 10.
-10
9 + (8 - 11) + 3 - 25
-16
-1 + -12 + 4 + 8
-1
-10 + (32 - 17) + (7 - 0)
12
-20 + 0 + 1 + 6 + -6 + -2
-21
Evaluate 22 + 17 + -20 + -8 + 10.
21
Evaluate -5 + (17 - (-3 - (-2 + 0 + 7))).
20
What is the value of 15 - (12 + (-4 - -25)) - -39?
21
0 + (38 + -44 - (2 - (13 + -1)))
4
Calculate 586 + -591 - (-13 - (1 + -1)).
8
What is -7 + (-8 - (-2 + 0 - (6 - -5)))?
-2
What is (-39 - -33) + -4 + 12 + (-2 - 2)?
-2
1 + -1 - (-9 + -5 + 1 - -3)
10
Calculate -12 + (-7 - -2) + 36 + -11.
8
Evaluate -1 - (-9 + 12 - -14).
-18
What is the value of 16 - (-14 - -6) - (-11 + 13)?
22
-29 + 2 + 3 + -6 + 12
-18
Evaluate -4 - (-10 - (7 + -8)) - -9.
14
(-59 - (-25 + -14)) + 15
-5
Evaluate 12 - (0 - (2 - 2) - 1).
13
12 + -2 + (-21 - -25 - 19)
-5
55 - (-26 + -10 + 64)
27
Calculate -18 - (-15 - (3 - 10)).
-10
Evaluate 21 - -3 - (3 + (2 - (5 - 3))).
21
Calculate (-30 - -21 - -7) + 4.
2
What is (-31 - 4) + (-1 - -25)?
-11
Evaluate (-64 - -73) + (-11 - 0).
-2
(44 - 54) + (0 - -3 - 0)
-7
Evaluate (3 - 0) + (-8 - 1).
-6
What is the value of (-75 - (-48 - -5)) + 57?
25
5 + 17 + (-4 - 6)
12
Calculate (1 - (6 - 0)) + 17.
12
Calculate (1 + 6 - (-6 - -11) - 4) + 5.
3
-39 - -16 - (-4 - 7)
-12
-7 + (18 + -18 - -6)
-1
Calculate 33 + -51 - -31 - (0 + 7).
6
What is -19 - (17 + -20 + -6 + 15)?
-25
Evaluate 35 + -12 - (15 + -25 - -15).
18
Evaluate -3 + 1 + (2 - -7) + -7.
0
What is -3 - 6 - ((-21 - 5) + 4)?
13
Evaluate (1 - 4) + -42 + -19 + 60.
-4
Evaluate (14 - (19 - 9)) + (-2 - -13).
15
Evaluate -1 - (4 + 10 + -25).
10
What is 1 + 0 + (74 - 78) - -12?
9
What is 44 - (-21 - -69) - (-35 + 1)?
30
(0 + -8 + 14 - -1) + -7
0
Calculate -28 - -53 - 7 - 3.
15
-4 + -1 + (-13 - ((-10 - -3) + 5))
-16
What is (3 - (-1 - -4 - 4)) + (-5 - -7)?
6
Calculate 0 + (11 + 0 - -5) - (14 + -8).
10
Calculate 8 + -1 + -2 - 9 - -4.
0
What is the value of 11 - (-3 - (-14 + -5 + 11 + -3))?
3
-203 + 196 + (1 - 1)
-7
What is the value of (-7 - (-12 + 3)) + 2?
4
Calculate (1 - -1) + ((-5 - 4) + 5 - -14).
12
What is -25 - 0 - -6 - (73 + -84)?
-8
Evaluate (29 - (-11 + 26)) + -9.
5
Evaluate (-10 - (8 - 13)) + (3 - (4 + 0)).
-6
Evaluate (-6 - -11) + -19 + -13.
-27
What is (8 - (14 - 2) - (-4 + -3)) + 13?
16
Evaluate 8 - (37 - 22) - -1.
-6
What is the value of -569 + 602 + -21 + -2?
10
Evaluate 70 + -10 + -48 - (27 - 0).
-15
What is 14 - 3 - (-35 - -44)?
2
-15 + (27 - -4) + -21
-5
What is 1 + -1 + 15 + (-20 - (17 + -31))?
9
What is -6 - 2 - (7 + (-10 - -4)) - 2?
-11
What is the value of (4 - 11) + 11 + (5 - 3) + 5?
11
What is 0 + 6 + (33 - 24)?
15
-5 + 9 + 0 + -8 + -5 + 10
1
Calculate (0 - -2 - (-10 + 3)) + -6.
3
What is the value of -433 - -423 - (-8 + -1 + 1 + -3)?
1
What is (65 + -36 + -23 - (-1 + 6)) + -1?
0
What is the value of (4 + 2 - 2) + (-29 - (-17 + -5))?
-3
Calculate 3 - (-9 - (2 - 3) - -5) - 2.
4
What is the value of -2 + (-20 + 20 - (-3 + -3)) + -11?
-7
Calculate 20 + (-12 + 12 - 11 - -12).
21
((-5 - -18) + -5 - 7) + 8 + -5
4
Calculate 28 - (2 - (4 + -15)).
15
Calculate (3 - (-6 + -1)) + 2 + -8 - 1.
3
4 + (-2 + (-2 - 0) - -11)
11
Evaluate (20 - (8 - -11)) + (-14 - -2).
-11
7 - (-2 + -22) - (-5 + (6 - -2))
28
What is 12 + (169 - 163) + (1 - 5)?
14
What is 3 + -17 - (341 + -353)?
-2
What is -15 + (-11 - -47) + -7 + -3 - -6?
17
What is the value of 35 - -3 - 6 - 55?
-23
Evaluate (1 - 2) + (-13 - (-18 + -1 - -6)).
-1
What is -3 + 1 - (-7 + -2 + 7)?
0
What is the value of 31 - 19 - (2 + (0 - -1) + 3)?
6
Evaluate -1 - (23 + 0) - -1 - (1041 - 1044).
-20
What is the value of 15 + 7 - (-2 + -9)?
33
What is the value of -9 - (-1 + -1 + -2 + 9)?
-14
What is the value of 8 + (-5 - 8 - -13) + -28?
-20
Calculate -5 + 7 + (-4 - -5) + -5 + 2.
0
Evaluate 3 + (-9 - (-1 - 0)) + 39 + -35.
-1
8 - (-7 + 1) - (8 + (3 - 9))
12
What is the value of (0 - 1) + 279 + -281 + -14?
-17
What is the value of (6 - 2) + -3 - 10 - (-4 + 0)?
-5
What is the value of 0 + -12 + 2 + (-3 - 1) + 4?
-10
Calculate -4 - -9 - 0 - (10 + -4).
-1
Evaluate (-8 - -11) + 2 + 4 + 1 - 6.
4
Evaluate (1 + -2 - (12 - 5)) + (9 - 11).
-10
Calculate 0 + -1 + (-13 - -8) - (4 + 8).
-18
Calculate -13 - (5 + -41 - -13).
10
Evaluate 7 - (-8 - (-6 + 2 + 1)).
12
(-52 - -47) + (4 - 12 - 1)
-14
Calculate 4 + -4 + 2 + -15 + -1 + 25.
11
What is the value of -8 + (15 - (-14 - -10 - 10))?
21
What is (-6 - (-14 - -9) - -2) + -1 + 0?
0
What is -4 + (42 - 18 - (2 - -8))?
10
What is the value of (11 - -2 - 10 - -4) + 12?
19
What is the value of 22 + -28 + 13 - -3?
10
2 + (-3 - 0) + 786 + -774
11
Evaluate -22 - -30 - 8 - -19.
19
-399 - -352 - (-1 - (-2 + 13))
-35
Calculate -6 + -54 - (10 + (27 - 57)).
-40
-33 - -31 - (5 + -6)
-1
What is (55 - 32) + (3 - 16)?
10
What is (-1 - 1) + -15 + (0 - -3 - -2)?
-12
What is the value of (-5 + -12 - -4) + 25 + 7?
19
Calculate (0 - (7 - -25)) + (19 - 1).
-14
Evaluate -109 + 117 + (-1 - 0).
7
What is 6 - (2 - 9 - -9) - -1?
5
What is the value of 48 + -47 - (-3 + -1 + -6 + -1)?
12
Evaluate 13 + 1 + 1 + 27 + -47.
-5
Evaluate 3 + 2 + -1 + -7 + (10 - 38).
-31
What is the value of -2 - (8 - ((24 - 11) + -6))?
-3
395 - 390 - (-1 - -25 - (3 - 1))
-17
What is the value of (290 - 316) + 43 + 1?
18
Calculate 5 + -2 + 10 - 10.
3
(-14 - (4 - 2) - -10) + 23
17
Calculate -20 - (2 + -8 + (-65 - -66)).
-15
12 - (-10 - (-26 + 19))
15
Calculate (5